 11. List the prime factors of (2 + w)*((-2 - 0) + 0).
2
Let s = 6 + -23. Let d be 18 + s + (0 - -4). Suppose w + 32 = k, -16 - 51 = -2*k + d*w. List the prime factors of k.
31
Let f(i) = 3288*i**2 - 4*i + 3. Let a be f(2). Suppose 3507 = -8*z + a. List the prime factors of z.
5, 241
Let c(w) be the third derivative of w**6/120 - w**5/20 - 3*w**4/8 - 9*w**3/2 - 2*w**2 + 9*w. What are the prime factors of c(11)?
2, 421
Suppose -331 = -2*o - 317, 0 = -2*i + o + 84707. What are the prime factors of i?
3, 7, 2017
Let j = -345 - -347. Let t(z) = -34*z - 1. Let b be t(-1). Suppose j*s - 121 = b. What are the prime factors of s?
7, 11
Suppose 7*h - 6 = 8. List the prime factors of ((-340)/16*2)/((-1)/h).
5, 17
Let a(h) = 1 + 52*h**2 - 1 + 38 - 31*h - 18*h + 40*h. List the prime factors of a(-5).
3, 461
Suppose 5*p = 5*r + 64420, -2*p + 3*r - 11525 = -37287. What are the prime factors of p?
2, 5, 1289
Let q(n) = -34*n**3 + n**2 - 2*n - 2. Let s be q(-1). Suppose 0 = -s*i + 33*i + 752. List the prime factors of i.
2, 47
Let m = -74530 - -107437. List the prime factors of m.
3, 7, 1567
Let t(v) = -1 + 16*v - 17*v + 114*v**2 + 0. Let w(l) = l**2 - 7*l + 7. Let q be w(6). List the prime factors of t(q).
2, 7
Suppose 2*z = a + 5, -3*a + z + 1 = a. Let l be a + (0 + 7 - 4). What are the prime factors of l + ((-532)/(-2) - (2 - 4))?
2, 17
Let o(k) = 378*k - 32. Let p be o(3). Suppose -v + 10*s = 15*s - p, 3*s = -4*v + 4476. List the prime factors of v.
2, 3, 11, 17
Let n(p) = 1 - 136*p**3 - 238*p**3 - p + 3*p. What are the prime factors of n(-1)?
373
Suppose 0 = y + 2*p - 14454, -101106 = -7*y - 9*p + 7*p. List the prime factors of y.
2, 3, 29, 83
Suppose -14*q + 37 = 9. Suppose -4*r = -4*u + 6*u - 680, -5*u + q*r = -1736. List the prime factors of u.
2, 173
Let j(c) = -2*c**2 + 18*c - 1. Let t be j(9). Let s(z) = -z - 1. Let k(i) = -54*i - 3. Let d(w) = t*k(w) + 5*s(w). List the prime factors of d(1).
47
Suppose 54*s - 5*i - 1241 = 51*s, -2*i = -5*s + 2100. Let w = s + -244. List the prime factors of w.
2, 89
Let h be (14/6)/(-4*2/(-24)). Let i be -3 - (-2)/(4/(-4)). Let t = i + h. What are the prime factors of t?
2
List the prime factors of -1 + 6888 - (-2 - 0/7).
83
What are the prime factors of 2/(-6)*2 + (-1632670)/(-114) + -23?
2, 3, 2383
Let j(a) = -1656*a + 1440. What are the prime factors of j(-35)?
2, 3, 5, 11
Let z = 13428 - 5321. List the prime factors of z.
11, 67
Let f(h) = 53*h + 2. Suppose 226 = 2*a - 58. Let j = a - 140. List the prime factors of f(j).
2, 3
Let d = 16585 - 2501. What are the prime factors of d?
2, 7, 503
Suppose -329912 - 311568 = -158*t. What are the prime factors of t?
2, 5, 7, 29
List the prime factors of 30*-3907*(13 + (-80)/6).
2, 5, 3907
Let k = 27380 + -10830. List the prime factors of k.
2, 5, 331
Suppose 0 = -4*r + 6*r + 1434. Let y = 742 + r. What are the prime factors of y?
5
Let n(b) = 3 - 12*b + 37 - 7 - 14*b - 18. Let r be ((-30)/8)/3*8. What are the prime factors of n(r)?
5, 11
Let b(j) = -j**3 + 8*j**2 + 2*j - 19. Let n be b(7). Suppose -28*a = -n*a + 9920. List the prime factors of a.
2, 5, 31
Let k(j) = -37592*j - 360. List the prime factors of k(-1).
2, 13, 179
List the prime factors of (-26078)/(-6) - (128/(-12) + 10).
3, 7, 23
Let w be (-10)/(-40) + 300/16. Suppose 3*z = 2*m - 55, 5*z + w - 66 = -2*m. List the prime factors of m.
2, 13
Let f(u) = -71*u - 49. Let l be f(-6). Let j = 671 - l. List the prime factors of j.
2, 3, 7
Let w = -841 + 1433. Suppose -5*t - 850 - w = -4*h, h + 4*t - 371 = 0. List the prime factors of h.
3, 11
Suppose 27*k + 4 = 28*k. Suppose 0 = j - 6 - k. Let i = -8 + j. List the prime factors of i.
2
Let l(s) = 395*s + 960. List the prime factors of l(26).
2, 5, 1123
Suppose 2*o = 4*o. Suppose o = 5*x - 3*u - 611, -6 = -u - 3. Let d = x - 54. What are the prime factors of d?
2, 5, 7
Let h = -7008 - -24994. List the prime factors of h.
2, 17, 23
What are the prime factors of (-1 - -57728) + (92 - 112)?
13, 23, 193
What are the prime factors of (-2)/(-19) + (-8)/(1520/(-8996670)) + 2?
47353
Let j = 8162 - -15598. What are the prime factors of j?
2, 3, 5, 11
Let m(k) = 358*k**2 - 25*k - 2. What are the prime factors of m(-4)?
2, 3, 971
Let g be 3 + (97 - 0/(-5)). Let o = 13 + g. Suppose 6*a = 361 + o. List the prime factors of a.
79
Let r = 60 + -58. Suppose 3*w = -r*b + 7*w + 488, -5*w - 1195 = -5*b. List the prime factors of b.
2, 3, 13
Let b = 43 - 29. Let s(w) = -w**3 + 15*w**2 - 8*w + 28. Let f be s(b). Suppose 358 = 5*i - f. List the prime factors of i.
2, 47
Let y = 12432 - 8607. What are the prime factors of y?
3, 5, 17
Let m(f) = f**2 - f - 8. Let g be m(-3). Suppose 5*d = -5*y + 4*y + 20, g*d = 0. Suppose -162 + y = -2*u. What are the prime factors of u?
71
Let n(q) = 2*q + 71. Let r be n(-33). Suppose -2*o - 356 = -2*b - 0*b, -850 = -5*b - r*o. What are the prime factors of b?
2, 3, 29
What are the prime factors of 41050 - (27/6)/(18/4)?
3, 4561
Suppose 0 = 2*x + 3*t - 3780, -t - 244 = -248. List the prime factors of x.
2, 3, 157
Suppose -45*k - 243786 = -86*k. What are the prime factors of k?
2, 3, 991
Let f = 9808 + -2872. List the prime factors of f.
2, 3, 17
Let k(s) = -127 - 156*s**3 + 2*s - s**2 + 130 - 95*s**3. What are the prime factors of k(-1)?
251
Let t = -72 + 47. List the prime factors of (-105)/t + 12/(-10).
3
Suppose -20149 - 97015 = -10*b + 224216. What are the prime factors of b?
2, 13, 101
Let p = 3048 - -2712. List the prime factors of p.
2, 3, 5
Suppose 0 = 355*j - 2480560 - 640955. What are the prime factors of j?
3, 977
Suppose -38 - 2 = 5*r. Let s be -502*(28/r + 3). Suppose 4*t = 5 + s. List the prime factors of t.
2
Suppose 2*r - f = -148, 3*f - 7*f + 292 = -4*r. Let q = 61 - r. Let x = q - 58. What are the prime factors of x?
2, 3, 13
Suppose 104*g - 952175 = 130153. What are the prime factors of g?
3, 3469
Suppose 11*q - 3*k - 60728 = 7*q, 3*q - k = 45546. What are the prime factors of q?
2, 7591
Let t(v) = 4*v**2 - 42*v + 73. Let u be t(-29). Suppose 0 = -57*h + 64*h - u. What are the prime factors of h?
5, 7, 19
Let n = 25 - 22. Suppose -2*y = -y, 6 = 3*w + n*y. Suppose a = -f + 198, w*f - 5*a = -a + 396. List the prime factors of f.
2, 3, 11
What are the prime factors of (-8 + 1761)*(-42)/(-1*2)?
3, 7, 1753
Suppose 12*f - 10*f - 2*b = 7718, -f + 3861 = -3*b. List the prime factors of f.
2, 3, 643
Let q = 2908 + -1859. Suppose -4*y = -5*s - 0*y + q, -3*y = 5*s - 1042. What are the prime factors of s*1 + (-2)/(-5 + 7)?
2, 13
Let p(q) = 17*q**2 - 417*q - 416. What are the prime factors of p(81)?
2, 2417
List the prime factors of (91 - -1)/(44/2189).
23, 199
Suppose 0 = -3*z + s + 114, -s + 114 = 3*z - 0*s. Let l = z - 24. Suppose h - l = -0. What are the prime factors of h?
2, 7
Suppose 6*k - 13*k = -14. Suppose -k*q = 2*h - 1 - 3, -3*h + 4*q = 1. Let d(m) = 190*m**3 + 1. List the prime factors of d(h).
191
Let y(g) = -226*g**3 - 6*g**2 - 63*g - 28. What are the prime factors of y(-6)?
2, 5, 11, 89
Suppose 0 = 17645*w - 17643*w - 4930. What are the prime factors of w?
5, 17, 29
Let h = 18 - 78. Let b be (-20)/h - -2*(-11)/(-6). Suppose -52 = -4*m - 3*p, 0 = -5*m + b*p - 3 + 68. What are the prime factors of m?
13
Let q = -443 + 450. Suppose 9688 = q*c + 7*c. List the prime factors of c.
2, 173
Let n(z) = 98*z**2 - 175*z + 1203. What are the prime factors of n(7)?
2, 5, 239
Let q = -761 - -8281. List the prime factors of q.
2, 5, 47
Let l(h) = -2*h**2 - 39*h**3 + 38*h**3 + 3*h**2. Let x(p) = -2*p**3 - 2*p**2 + 3*p - 1. Let t(f) = 3*l(f) - x(f). List the prime factors of t(3).
2, 5
Suppose -2*d + d = 5, 4*d = -u - 14. Let v be 20/6 - 8/u. List the prime factors of 2*((v - -29) + 4).
2, 5, 7
Let x be (-3)/(-4) + 4105/20. Suppose -x = 2*n - 4*h, 4*h + 94 = -n + 3*h. Let k = n - -174. What are the prime factors of k?
7, 11
Suppose -1 = 3*f - 2*x - 7, f + 2*x + 6 = 0. Suppose 50*k - 42*k - 1968 = f. List the prime factors of k.
2, 3, 41
Let s(h) = -7*h**3 + 10*h**2 + 31*h + 68. What are the prime factors of s(-13)?
2, 3, 2789
Let s(z) = -326*z - 1043. What are the prime factors of s(-8)?
5, 313
Let r = 536 + -205. Let b = r + -99. List the prime factors of b.
2, 29
Let p = 93 - -15. Let g = -8 - -11. Suppose g*k + p = 549. What are the prime facto